the highest common factor of 28 and a.
7
Let f(r) = -3*r - 9. Let y = -7 - 0. Let k be f(y). What is the greatest common factor of k and 36?
12
Suppose 5*z - 157 = 5*v - 22, 4*z + 3*v = 87. Let j = z + -52. Let c be (49/j)/((-1)/12). Calculate the highest common divisor of c and 21.
21
Suppose 0 = -c - 3*c + 4. Let h = 148 + -147. What is the greatest common divisor of h and c?
1
Suppose -4*a + 4 = -4. Suppose -m - a*m = 117. Let h = m - -75. Calculate the greatest common factor of h and 4.
4
Let u be ((-52)/(-14))/(8/56). What is the highest common factor of u and 286?
26
Let z = -9 - -12. Suppose 2*i = -z*i + 60. Calculate the greatest common factor of 12 and i.
12
Suppose -3*z - 1 + 15 = -2*y, 0 = 3*z - 5*y - 26. Suppose z*o = 7*o - 315. Suppose 4*u - 23 = 5. What is the highest common divisor of o and u?
7
Let j be 14 + 1*(-1)/2*8. What is the greatest common factor of j and 8?
2
Suppose -w + 5*w - 3*g = 209, 5*w - 238 = -4*g. What is the highest common divisor of 30 and w?
10
Let y(q) = q**3 + 5*q**2 - 8*q - 9. Let i be y(-6). Suppose i*w + 6 = 39. Let t be 12*((-165)/12)/(-5). What is the highest common divisor of t and w?
11
Suppose -4*t = 3*h - 0 - 1, 2*h - 1 = -3*t. Suppose 0 = -b + t + 8. Suppose o = 5*y + 45, o - 45 = -0*o - y. Calculate the greatest common divisor of o and b.
9
Let n(p) = -7*p - 13. Let a be n(-10). Let c be 380/a*18/4. What is the greatest common factor of 20 and c?
10
Suppose 0 = -2*m - 2*m - 8. Let p = m - -4. Calculate the highest common divisor of p and 16.
2
Suppose 3*v + 2*u - 76 - 487 = 0, -2*u + 185 = v. Let x(m) = -27*m. Let q be x(-1). Calculate the greatest common divisor of v and q.
27
Suppose 4*m - 120 = -5*h + 99, -110 = -2*h + 4*m. What is the greatest common factor of h and 517?
47
Let z = 2 + 2. Suppose -87 = -z*a + a. Calculate the highest common divisor of a and 319.
29
Let y(v) = -v**3 + 19*v**2 + 2*v + 2. Let l be y(19). What is the greatest common divisor of l and 100?
20
Let p be 0 + -2 + (-12)/2. Let z(y) = 7*y. Let s be z(-1). Let w be (p - -1)*18/s. What is the greatest common divisor of w and 27?
9
Let r be (-8)/(-20) + (-96)/(-10). Calculate the highest common divisor of 70 and r.
10
Suppose 0 = -0*j + 4*j - 16. Suppose -120 = -j*i + i. Calculate the greatest common factor of i and 8.
8
Let x be (-171)/6 + 3/(-2). Let m be (x/(-4))/((-24)/(-64)). Calculate the highest common factor of m and 20.
20
Let o = -121 - -201. Calculate the greatest common factor of o and 16.
16
Let w be (3/2)/((-1)/(-2)). Suppose -w*u + 12 = -15. Let d = 2 + 7. Calculate the greatest common factor of d and u.
9
Let k = -303 - -645. What is the greatest common divisor of k and 38?
38
Let w be (5 + -6)/(1/(-13)). Calculate the greatest common factor of w and 104.
13
Let j be (5/(-10))/((-1)/64). Calculate the highest common factor of j and 16.
16
Let a be ((-2)/5)/((-2)/180). Let i be 216/(-6)*(-1)/2. What is the greatest common factor of i and a?
18
Let t be (-146)/(-6) + 1/(-3). Calculate the highest common divisor of t and 12.
12
Let t(p) = p**2 - p + 4. Let j be t(4). Let x = -3 - -6. Suppose x*f = 7*f - 320. What is the highest common divisor of j and f?
16
Suppose -4*p + 2*p = -10. What is the greatest common divisor of p and 5?
5
Let j be 2 + 1 + -2 - -20. Suppose -4*z + 3*r - 1 = -4, -9 = 2*z - 5*r. What is the greatest common factor of z and j?
3
Let n = 267 - 183. Let y be 2/(-6) - 507/(-9). What is the highest common divisor of y and n?
28
Let y(b) = 108*b**2 + 2*b - 2. Let z be y(1). Suppose 3*g + z = 3*m, -2*m + 0*g + 63 = g. Calculate the highest common divisor of 11 and m.
11
Let r be -2*(27/6)/(-1). Suppose 0 = -4*k + k - r. Let m(q) = -q**3 - 2*q**2 - 5*q - 4. Let o be m(k). Calculate the greatest common factor of o and 140.
20
Let d be (-6)/(-9) + 3/9. Let n(l) = 0*l + l - 4 - 2*l. Let c be n(-6). What is the greatest common factor of d and c?
1
Let k be ((-15)/3 - -4)/((-2)/10). What is the highest common factor of 5 and k?
5
Suppose -4*j = -3*j - 69. Calculate the greatest common factor of 23 and j.
23
Let m be 2 - 1 - (0 + -3). Suppose m*c + 0*c = 68. Calculate the highest common divisor of c and 153.
17
Let n(k) = -4*k + 6. Let z be ((-1)/3)/(3/(-45)). Let g be n(z). Let d = 22 - g. Calculate the greatest common divisor of d and 18.
18
Let p(i) = 3*i**3 + i**2 - i + 1. Let u = -4 - -5. Let x be p(u). What is the greatest common factor of x and 1?
1
Suppose 0 = -h + 3*h. Suppose -2*i + 4*i - 80 = h. What is the highest common divisor of 16 and i?
8
Suppose d - 47 = 5*p + 50, -2*d = -2*p - 162. What is the highest common factor of d and 11?
11
Let g(d) = -d**2 + 4*d. Let c be g(3). Suppose -a - c + 4 = 0. Let u be ((-13)/(-2))/(a/2). What is the greatest common divisor of 104 and u?
13
Suppose 0 = 5*t - d - 46, 6*t = 5*t + 2*d + 11. Let v = 172 + -109. What is the greatest common divisor of v and t?
9
Let a be (-26)/6 + (-6)/9. Let k(j) = -j. Let t be k(a). Suppose -69 = -t*x + 66. What is the greatest common factor of x and 9?
9
Let s(x) = -x + 27. Let m be s(10). What is the highest common divisor of m and 68?
17
Suppose -8 = -2*w - 0. Suppose v = 3*z - 36, 4*z = 2*z - w*v + 38. Calculate the highest common factor of z and 39.
13
Let g be 7080/84 + (-2)/7. What is the highest common divisor of g and 12?
12
Let w(u) = -u + 3. Let g be w(-8). What is the greatest common divisor of g and 11?
11
Let y be -4 + -14*(-34)/4. Calculate the greatest common factor of y and 23.
23
Let i be 2/(((-56)/12)/7). Let a be (117/52)/(i/(-64)). What is the highest common divisor of a and 6?
6
Let k = 0 + 6. Let g be k/(-27) - (-274)/18. Suppose 5*b - g = 4*b. Calculate the highest common factor of b and 15.
15
Let n be 28 + 0 + -4 + 4. Calculate the highest common factor of n and 28.
28
Let z be (-4)/22 - 46/(-11). Suppose -2*q = 5*i + 16, -q + 2*i = 2*q - 14. Suppose q = z*s - 10. What is the greatest common divisor of s and 6?
3
Suppose -10*u = -5*u - 500. What is the greatest common factor of 20 and u?
20
Let n be 4/(2 - 12/9). Suppose -14 = -5*o + n. Let p = 113 + -81. Calculate the highest common divisor of p and o.
4
Let q = 6 + -9. Let s = q + 0. Let t be s/(9/(-147)) + -1. What is the highest common divisor of t and 32?
16
Let a(u) = -u**2 + 4*u + 5. Let m be a(5). Suppose m = 4*r - 613 + 217. Calculate the greatest common divisor of r and 9.
9
Let j be ((-18)/15)/(2/(-10)). Calculate the highest common factor of 2 and j.
2
Let r = -2 - -7. What is the greatest common factor of 20 and r?
5
Let n(j) = -j**3. Let i be n(0). Suppose 0 = -5*g - 0 - 5, 2*h + g - 27 = i. What is the highest common factor of h and 21?
7
Let h(o) = o**2 - 11*o - 18. Let i be h(15). Calculate the greatest common divisor of 14 and i.
14
Let m(l) = 16*l**2 - 2*l + 1. Let u be m(1). What is the greatest common factor of u and 15?
15
Let l be 1 + (2 - 0) + -2. Let u be -1*l - (0 + -10). What is the greatest common factor of u and 1?
1
Let y be (-302)/(-8) + (-3)/(-12). Let m = -21 + y. Calculate the greatest common divisor of m and 136.
17
Suppose 10*o - 3*o - 294 = 0. What is the greatest common factor of o and 28?
14
Let o = 29 + -15. Suppose 5*z - 2*a - 348 = 0, -2*a = z - 7*a - 65. Calculate the greatest common divisor of z and o.
14
Let y(z) = z**2 - 7*z + 8. Let x be y(6). Suppose 32 = x*m - 4*r - 62, 5*m - 257 = -r. Calculate the highest common factor of m and 17.
17
Let i(u) = 35*u**2 + u - 1. Let v be i(1). Suppose 2*z + 2*l - 20 = 0, 5*z - 47 - 11 = -3*l. What is the greatest common divisor of z and v?
7
Suppose -2*g + 12 = 2*k - 0*g, -5*g - 15 = 0. What is the highest common divisor of k and 9?
9
Suppose 0 = -2*w - 6*w + 1408. What is the greatest common divisor of w and 16?
16
Suppose -z = -0*z - g - 28, 4*z - 2*g - 106 = 0. Suppose r - 8 = -u, 0 = 2*r + 2 + 2. Calculate the greatest common divisor of u and z.
5
Suppose -6 = -0*o - o. Let j be 1*(-236)/(-6)*-3. Let v be 12/48 - j/8. Calculate the highest common divisor of o and v.
3
Let m(u) = 181*u**3 - 3*u**2 - u + 1. Let r be m(-1). Let d be (-10)/15 + r/(-3). Calculate the highest common divisor of 24 and d.
12
Let u(h) = 7*h**3 + 3*h**2 - 2*h. Let g = 1 + 1. Let q be u(g). Suppose -l - l = 4*i - 46, -4*l - i = -q. What is the greatest common divisor of 165 and 